 is the millions digit of 12515052?
2
What is the tens digit of 9205516?
1
What is the tens digit of 412237?
3
What is the tens digit of 192926?
2
What is the units digit of 376571?
1
What is the thousands digit of 151436?
1
What is the hundreds digit of 249062?
0
What is the thousands digit of 134265?
4
What is the units digit of 7251754?
4
What is the thousands digit of 1962945?
2
What is the millions digit of 11328237?
1
What is the units digit of 578611?
1
What is the tens digit of 2830356?
5
What is the units digit of 162677?
7
What is the thousands digit of 241617?
1
What is the ten thousands digit of 180394?
8
What is the millions digit of 9141681?
9
What is the tens digit of 3381144?
4
What is the ten millions digit of 23881110?
2
What is the millions digit of 41418420?
1
What is the hundred thousands digit of 1537138?
5
What is the ten thousands digit of 67702?
6
What is the hundreds digit of 136989?
9
What is the hundred thousands digit of 1861832?
8
What is the ten thousands digit of 338469?
3
What is the units digit of 1268795?
5
What is the units digit of 1550090?
0
What is the hundreds digit of 13478684?
6
What is the thousands digit of 303928?
3
What is the tens digit of 7009150?
5
What is the thousands digit of 8021956?
1
What is the hundred thousands digit of 345252?
3
What is the thousands digit of 492036?
2
What is the hundreds digit of 2063294?
2
What is the tens digit of 1233732?
3
What is the thousands digit of 15670606?
0
What is the hundreds digit of 299997?
9
What is the tens digit of 635025?
2
What is the ten thousands digit of 23815961?
1
What is the units digit of 27085045?
5
What is the hundred thousands digit of 4515601?
5
What is the hundreds digit of 1554031?
0
What is the hundred thousands digit of 5708575?
7
What is the thousands digit of 3428564?
8
What is the thousands digit of 67476?
7
What is the units digit of 5777509?
9
What is the units digit of 280729?
9
What is the thousands digit of 1288462?
8
What is the tens digit of 94045?
4
What is the hundred thousands digit of 245905?
2
What is the ten thousands digit of 2764533?
6
What is the hundreds digit of 9555679?
6
What is the thousands digit of 442511?
2
What is the hundreds digit of 416874?
8
What is the ten thousands digit of 3286557?
8
What is the tens digit of 13066963?
6
What is the ten thousands digit of 425773?
2
What is the thousands digit of 225540?
5
What is the thousands digit of 10988496?
8
What is the units digit of 91700?
0
What is the hundreds digit of 4959852?
8
What is the units digit of 1247287?
7
What is the hundred thousands digit of 29646282?
6
What is the tens digit of 180328?
2
What is the units digit of 14072921?
1
What is the thousands digit of 92003?
2
What is the thousands digit of 2006103?
6
What is the tens digit of 1113039?
3
What is the hundreds digit of 686088?
0
What is the hundreds digit of 5085152?
1
What is the tens digit of 6582622?
2
What is the tens digit of 556718?
1
What is the tens digit of 6491598?
9
What is the millions digit of 1381310?
1
What is the units digit of 1228689?
9
What is the ten thousands digit of 5749390?
4
What is the hundred thousands digit of 17404161?
4
What is the tens digit of 218055?
5
What is the hundred thousands digit of 7506870?
5
What is the hundred thousands digit of 190804?
1
What is the hundred thousands digit of 414199?
4
What is the units digit of 153867?
7
What is the hundreds digit of 1926147?
1
What is the hundreds digit of 34848128?
1
What is the hundred thousands digit of 117096?
1
What is the hundreds digit of 5341462?
4
What is the hundred thousands digit of 109597?
1
What is the units digit of 4712?
2
What is the thousands digit of 4508674?
8
What is the hundred thousands digit of 19688838?
6
What is the thousands digit of 656779?
6
What is the ten thousands digit of 8029708?
2
What is the millions digit of 1874341?
1
What is the units digit of 87263?
3
What is the millions digit of 4919647?
4
What is the hundreds digit of 5994245?
2
What is the hundreds digit of 11375829?
8
What is the tens digit of 2499750?
5
What is the hundreds digit of 15482597?
5
What is the tens digit of 881201?
0
What is the hundred thousands digit of 5150114?
1
What is the ten thousands digit of 189362?
8
What is the tens digit of 985302?
0
What is the hundreds digit of 480734?
7
What is the units digit of 5835263?
3
What is the thousands digit of 47964?
7
What is the units digit of 210024?
4
What is the hundreds digit of 4103578?
5
What is the units digit of 7154398?
8
What is the hundreds digit of 414254?
2
What is the ten thousands digit of 1046440?
4
What is the millions digit of 27128141?
7
What is the thousands digit of 793864?
3
What is the hundred thousands digit of 1292538?
2
What is the hundreds digit of 1199663?
6
What is the millions digit of 3237135?
3
What is the thousands digit of 224682?
4
What is the ten thousands digit of 176277?
7
What is the hundred thousands digit of 936105?
9
What is the hundred thousands digit of 8704686?
7
What is the millions digit of 1000680?
1
What is the thousands digit of 123116?
3
What is the ten thousands digit of 2377559?
7
What is the hundred thousands digit of 282708?
2
What is the thousands digit of 13972136?
2
What is the thousands digit of 1738267?
8
What is the hundreds digit of 10490650?
6
What is the ten thousands digit of 1664467?
6
What is the units digit of 20445132?
2
What is the millions digit of 3330756?
3
What is the thousands digit of 157635?
7
What is the units digit of 592947?
7
What is the units digit of 1264987?
7
What is the hundred thousands digit of 7895552?
8
What is the tens digit of 1645454?
5
What is the thousands digit of 22922160?
2
What is the units digit of 702802?
2
What is the hundred thousands digit of 280221?
2
What is the hundreds digit of 829788?
7
What is the hundreds digit of 684620?
6
What is the hundred thousands digit of 148762?
1
What is the millions digit of 2323525?
2
What is the hundreds digit of 367560?
5
What is the units digit of 12380572?
2
What is the tens digit of 301720?
2
What is the tens digit of 66630?
3
What is the hundreds digit of 240442?
4
What is the ten thousands digit of 18611042?
1
What is the hundreds digit of 421745?
7
What is the tens digit of 101395?
9
What is the millions digit of 13084878?
3
What is the tens digit of 433091?
9
What is the millions digit of 1110133?
1
What is the hundreds digit of 9385929?
9
What is the units digit of 316964?
4
What is the thousands digit of 201598?
1
What is the tens digit of 503099?
9
What is the units digit of 45316?
6
What is the thousands digit of 227252?
7
What is the ten thousands digit of 82974?
8
What is the ten thousands digit of 382860?
8
What is the units digit of 5757430?
0
What is the ten thousands digit of 208498?
0
What is the hundred thousands digit of 2204840?
2
What is the hundreds digit of 968590?
5
What is the hundreds digit of 281156?
1
What is the millions digit of 1859051?
1
What is the units digit of 446423?
3
What is the hundreds digit of 1047451?
4
What is the units digit of 6127317?
7
What is the ten thousands digit of 10446541?
4
What is the tens digit of 213726?
2
What is the millions digit of 4153316?
4
What is the hundred thousands digit of 602082?
6
What is the thousands digit of 764623?
4
What is the hundreds digit of 442551?
5
What is the units digit of 15058636?
6
What is the units digit of 3590863?
3
What is the hundred thousands digit of 8270216?
2
What is the units digit of 1731643?
3
What is the ten thousands digit of 186798?
8
What is the hundred thousands digit of 359562?
3
What is the tens digit of 17937120?
2
What is the thousands digit of 20990926?
0
What is the thousands digit of 460613?
0
What is the hundred thousands digit of 1349349?
3
What is the hundred thousands digit of 319984?
3
What is the units digit of 249610?
0
What is the millions digit of 1755701?
1
What is the thousands digit of 288144?
8
What is the thousands digit of 435451?
5
What is the hundred thousands digit of 168455?
1
What is the units digit of 10856850?
0
What is the hundreds digit of 2633679?
6
What is the units digit of 1694594?
4
What is the hundreds digit of 190246?
2
What is the thousands digit of 6707457?
7
What is 